0
Let i be (-21484)/(-5) - (-14 + 1258/85). What is the highest common divisor of 24 and i?
24
Suppose 6918 + 1230 = 21*j. Calculate the greatest common factor of j and 485.
97
Let n be (6 + 0)*21/(504/128). What is the highest common factor of 48 and n?
16
Let h(f) = -6*f + 9. Let t be h(4). Let z = t + 38. Calculate the greatest common factor of z and 161.
23
Suppose -7 - 1 = -2*y. Let t(d) = -2*d. Let r be t(-5). Calculate the highest common factor of r and y.
2
Let k(c) = 4*c**2 + 2*c - 5. Let f be k(5). Let q(n) = f + 6*n - 105. Let a be q(2). What is the greatest common factor of a and 108?
12
Suppose -2*r = -2*x - 258, -x = r - 0*x - 139. Let f = r - 5. What is the highest common divisor of 43 and f?
43
Let h = -797 - -841. Calculate the greatest common factor of 36 and h.
4
Let k = 376 + -356. What is the greatest common divisor of k and 190?
10
Let q be ((-110)/(-4 - -9))/(-2). Let x be 244/q + (-4)/22. Suppose -3*l = -32 - x. What is the highest common divisor of 18 and l?
18
Let u = 46 + -33. Suppose 0*t = -4*t, u = k + 2*t. Let z = 218 + -127. Calculate the greatest common factor of z and k.
13
Let k(p) = -p - 4. Let r be k(-5). Suppose n - 1 = 0, 402*x + 3*n + 9 = 405*x. Calculate the highest common factor of r and x.
1
Let h = -24 - -4. Let f be 90/(-4)*h/15. Calculate the highest common factor of f and 12.
6
Let x = 251 - -477. Calculate the highest common factor of x and 104.
104
Let q(d) = d**3 + 4*d + 11*d - 4 - 14*d**2 + 0 + 3. Let x be q(13). What is the greatest common divisor of 200 and x?
25
Let n(y) = -2*y - 6. Let a = 38 + -46. Let p be n(a). Calculate the highest common divisor of 70 and p.
10
Let h = 15 - 6. Suppose -8*z + 3*z - 5*i = -210, 12 = -4*i. Calculate the highest common factor of h and z.
9
Let k = 6 + -4. Let o be (-3)/(-12) - 6/(-8). Let h be -2*(o - 13/k). What is the highest common factor of 22 and h?
11
Suppose -3*l - 40 = 23. Let x = 3 - l. Calculate the highest common divisor of x and 12.
12
Let v = 9 + -3. Suppose -v*g + 3*m + 80 = -2*g, 5*m = 0. What is the greatest common divisor of g and 5?
5
Suppose 8*o - 4*o + 5*u - 5204 = 0, 0 = -4*u + 16. Calculate the greatest common divisor of o and 81.
81
Suppose 0 = 3*n - 9, n - 52 = -3*a + 17. Let j(l) = 8*l + 7. Let k be j(6). What is the highest common factor of a and k?
11
Let u be (-3 - (-14)/(-4))*2. Let s be u/(2/(-2 + -4)). What is the greatest common factor of s and 91?
13
Let a = -1839 - -2724. What is the highest common divisor of 15 and a?
15
Let n be 39/195 - 1018/(-10). Calculate the greatest common factor of n and 12.
6
Let t(u) = -336*u. Let c be t(-1). Let z = 170 - c. Let f = -116 - z. What is the highest common divisor of f and 75?
25
Let r be 396 + (-56)/(-7) + 9. What is the greatest common factor of r and 118?
59
Suppose -m - 6*v - 9 = -3*v, 3 = -v. Let n = 6 - m. Suppose -4*a = -4*j + 12, j + a = -j + n. Calculate the greatest common factor of 9 and j.
3
Let g be 13/(-4) + 6/24. Let n be (-55)/(-10)*(-30)/g. Let b be (4/8)/(2*1/20). What is the highest common divisor of n and b?
5
Let j = -131 - -231. Suppose 10*t = 14*t - j. Calculate the highest common divisor of 175 and t.
25
Let v(b) = 20*b**2 - 2*b - 1. Let i be v(-1). Suppose -y - 5*m = -256, m = 5*y + 5*m - 1175. Calculate the greatest common factor of y and i.
21
Let x(z) = z**3 + z**2 - z. Let b be x(2). Let m = 11798 - 11708. What is the highest common factor of m and b?
10
Suppose 11*a - 6*a = 150. What is the highest common divisor of 70 and a?
10
Let i be (18 + -11)*8*(-4)/(-8). What is the highest common divisor of i and 24?
4
Let q be 3/(-2)*(-2 - 0). Let r(t) be the first derivative of 11*t**2/2 - 3*t - 13. Let p be r(q). What is the greatest common factor of 12 and p?
6
Suppose 3*v - 4*g = 103 + 17, -2*v + 80 = -4*g. Calculate the highest common factor of 15 and v.
5
Let s = -9 - -41. What is the highest common divisor of 1 and s?
1
Let w be -5*((-26)/(-39) - 141/9). Calculate the greatest common factor of 30 and w.
15
Let m be -1 + 1 + -19 + 4. Let r = -12 - m. Calculate the greatest common factor of r and 24.
3
Let a = 117 + -47. Let b(k) = -k**2 + 84*k - 1753. Let x be b(43). What is the greatest common divisor of a and x?
10
Let b(t) = -t - 5. Let r(j) = j**2 - 14*j + 9. Let c be r(13). Let o be b(c). Let y = 8 - o. Calculate the greatest common factor of 9 and y.
9
Let v(u) = -3*u - 7. Let g be 2*(-1)/((-5)/(-10)). Let o be v(g). Suppose -51 - 34 = -j + o*b, j + 4*b = 121. What is the greatest common factor of j and 42?
21
Let p = 453 - 441. Calculate the greatest common divisor of 36 and p.
12
Let t = 36 - 31. Let q(b) = 2 + b + 0 - 6. Let y be q(t). What is the greatest common divisor of y and 1?
1
Let p = -26 + 53. Let q be -36*27/72*(-2)/3. Calculate the highest common factor of p and q.
9
Let s be 0 - (6/2 + 3). Let w = 2 - s. What is the highest common factor of 24 and w?
8
Let m = -34 - 38. Let w be (-1)/((-71)/m - 1). Calculate the highest common divisor of 8 and w.
8
Let a be (1 - 1)/(-1 + -1). Suppose -5*t + 4*t - 310 = a. Let z = -193 - t. What is the highest common factor of 13 and z?
13
Suppose 56 = m + 4*h, h - 344 = -5*m - 3*h. What is the highest common factor of m and 1116?
36
Let i(c) = -38*c**2 + 2*c + 1. Let q(h) = 76*h**2 - 3*h - 1. Let b(p) = 5*i(p) + 3*q(p). Let j be b(-2). Calculate the greatest common factor of 19 and j.
19
Let y = 223 + -53. Calculate the greatest common divisor of y and 10.
10
Let t be 8/36 + 75/27. Let w be 377 + (4 - 1)/t. Calculate the highest common factor of 42 and w.
42
Suppose 20*m - 19*m = 24. Suppose 5*z = 13 - 58. Let d = 111 - z. What is the highest common factor of m and d?
24
Let a(m) = -11*m - 8. Let s be a(-10). Suppose 0 = -3*y + 6*y + s. Let g = -21 - y. Calculate the highest common divisor of 39 and g.
13
Let h(n) = n + 108. Let k(o) = o**2 + 4*o + 432. Let r(a) = 9*h(a) - 2*k(a). Let d be r(0). What is the highest common factor of d and 12?
12
Let t = 90 + -72. Suppose -3*w - 3 = 0, -d - 5*w - 32 = -2*d. What is the highest common factor of t and d?
9
Let o = 817 + -596. Calculate the highest common factor of 51 and o.
17
Let j(x) = x**2 + 2. Let p be j(0). Suppose -8 = -h - p. Let d(q) = 2*q**2 - 5*q + 6. Let o be d(6). What is the highest common divisor of o and h?
6
Let o be (-2 + 1)*-308 - -4. Let f = 473 - o. Let w be f - (0 - (2 - 3)). Calculate the highest common factor of w and 20.
20
Let o be (-6)/(-27) + 6/(-27). Let r(c) be the first derivative of c**2/2 + 72*c - 5. Let x be r(o). What is the highest common factor of 9 and x?
9
Let o = 189 + -153. Suppose 0 = k - 2*y + 3*y - 23, 2*k - 4*y - 16 = 0. Calculate the greatest common divisor of o and k.
18
Suppose 5*m + 44 + 31 = 2*o, 0 = 5*m + 5. Let f(c) = 7*c. Let a be f(2). What is the greatest common divisor of o and a?
7
Suppose -2*s = -4*d + 358, -4*d + 431 = d + 3*s. Let i be 2/(-8) - (-99)/12. Calculate the highest common factor of d and i.
8
Let h be 6*-1*(-2)/4. Suppose 4 = -h*n + 25. What is the highest common divisor of n and 77?
7
Let u = 26 - 13. Let w be 1044/10 - (-10)/(-25). Calculate the greatest common divisor of u and w.
13
Let v = -31 + 30. Let x be 177 - 4/(-3 - v). Let w = x - 113. Calculate the highest common divisor of 6 and w.
6
Let k be (-36294)/(-161) - 3/7. What is the highest common divisor of k and 9?
9
Let a(h) = h**3 - 2*h**2 + 9*h - 13. Let z be a(2). Calculate the highest common factor of 52 and z.
1
Let q = 283 + -241. Calculate the highest common factor of 798 and q.
42
Let o(a) = a. Let v(j) = j**2 - 18*j + 8. Let g(u) = o(u) - v(u). Suppose -2*z - 2*z = -32. Let w be g(z). Calculate the highest common divisor of w and 32.
16
Let g = 85 - 81. Suppose 9*z - 4*z + 220 = g*q, 2*z - 128 = -2*q. What is the greatest common divisor of q and 36?
12
Let c be (7 - 16)/(1/3). Let q = -6 - c. Calculate the highest common divisor of 168 and q.
21
Suppose 4*p + 72 + 1 = -5*c, -2*p - 19 = -c. Let m be -5 + (0 - 0) + -2. Let b = m - p. What is the highest common factor of b and 5?
5
Suppose -126*u = -114*u - 612. Calculate the highest common factor of u and 17.
17
Suppose 7*r - 322 = -259. Let f = -66 - -238. Let v = f - 100. Calculate the highest common factor of r and v.
9
Let i(b) = b**3 - 8*b**2 + 12*b - 18. Let